se 0 = -3*f + 2*f + 7. Calculate the remainder when 12 is divided by f.
5
Let x be 14/3*(-18)/4. Let j = x - -36. What is the remainder when j is divided by 6?
3
Suppose -t = -0*t - 7. Let s = 38 + -35. Let g = t + s. Calculate the remainder when 29 is divided by g.
9
Suppose -5*f = 2*k - 0*k - 27, -3*k - 2*f = -68. What is the remainder when 103 is divided by k?
25
What is the remainder when 1 is divided by 14/(-4)*(-22)/77?
0
Calculate the remainder when 42 is divided by 45/(-12)*-2*2.
12
Let o(y) be the third derivative of -y**5/60 + y**4/6 - y**3/6 - 2*y**2. Calculate the remainder when o(3) is divided by 1.
0
Let z = -25 + 36. Let h = -4 - 0. Let w(s) = -9*s - 4. Calculate the remainder when w(h) is divided by z.
10
Let w(k) = -k**2 + 6*k. Suppose -4*f = -4 - 8. Suppose -j - j - 22 = -4*v, 5*v - 4*j = 29. What is the remainder when w(f) is divided by v?
4
Suppose 3*v - 10 + 4 = 0. What is the remainder when 2 is divided by v?
0
Let x = 0 - 4. Let v(k) = -12*k - 20. Calculate the remainder when (-81)/2*x/3 is divided by v(-4).
26
Let c = -54 + 91. Suppose 5*a = c + 88. Calculate the remainder when a is divided by 14.
11
Calculate the remainder when 3/((-7)/(1400/(-12))) is divided by 17.
16
Suppose -5*a - 3*c + 35 = 0, -3*a + 4 = 5*c - 1. Suppose 4*q + 4*f - 64 = 0, 3*q + 0*q = 3*f + 60. What is the remainder when q is divided by a?
8
Suppose -3*o + 14 = -y - 6*o, -4*y - 2*o = 96. Let g = y + 41. Calculate the remainder when g is divided by 8.
7
Suppose 0 = -2*a + 2*w + 32, 3*a - 2*w - 92 = -2*a. Calculate the remainder when a is divided by ((-1)/(-3))/(3/99).
9
What is the remainder when ((-9)/2)/(10/(-100)) is divided by 23?
22
Let w(t) = t**2 - 5*t + 2. Let s be w(3). What is the remainder when (-6)/(-12)*s/(-2) is divided by 1?
0
Let l be 5/(-3) + 4/(-12). Calculate the remainder when (2/(-2))/(l/34) is divided by 5.
2
Calculate the remainder when (4*(-3)/18)/((-1)/108) is divided by 37.
35
Let r = -33 - -54. What is the remainder when 82 is divided by r?
19
Let r(o) = 0*o + o**2 + 3 + o**3 + 3*o**2 - 4*o + 1. Let d(z) = -z**2 + 8*z + 3. What is the remainder when r(3) is divided by d(4)?
17
Suppose 2 = 2*k - 8. Calculate the remainder when 17 is divided by k.
2
Let v = -1 + 12. Let h be -20*(45/(-12) + 3). What is the remainder when 3/5 + 291/h is divided by v?
9
Let c(w) = w**2 - 6*w - 5. Let r be c(7). Suppose -2*t + r = -8. Suppose t*b = -7 + 27. What is the remainder when 11 is divided by b?
3
Let c = 8 - -29. What is the remainder when c is divided by 10?
7
Let p = -347 + 365. Let j = 17 - -16. What is the remainder when j is divided by p?
15
Let x = -1 - -6. Let y(w) = w**3 + 7*w**2 + 7*w + 3. Let u be -1*(2 - (-3 - 0)). What is the remainder when y(u) is divided by x?
3
Suppose -d = -2, -4*d + 5 = 5*x - 6*x. Suppose -x*y - 30 = -114. Calculate the remainder when y is divided by 15.
13
Let l = 1 - -11. Suppose u - l = 2*m, 0 = -5*u - 0*m + 3*m + 60. What is the remainder when (7*3)/1 - -1 is divided by u?
10
Let b(q) = -11*q**3 + 5*q**2 + 11*q - 61. Let s(o) = -7*o**3 + 3*o**2 + 7*o - 41. Let r(m) = 5*b(m) - 8*s(m). Calculate the remainder when r(0) is divided by 8.
7
Let w be 2/(-4)*0/1. Suppose -3*m + 56 = -3*k + 5*k, w = 5*k + 2*m - 129. What is the remainder when k is divided by 14?
11
Suppose 9 = -5*i - 2*s, 5*i + 4*s + 3 = -0. Calculate the remainder when 33 is divided by i/12 + 147/12.
9
Let w(y) = y**2 - 2. Let c be w(-2). Calculate the remainder when 34 is divided by ((-3)/c + 2)*36.
16
Suppose -r - r = h - 51, 4*h + 5*r = 207. What is the remainder when h is divided by 28?
25
Let g(b) = 5*b + 40. What is the remainder when g(0) is divided by 14?
12
Let c be 4/22 - 84/(-22). Suppose 39 = c*z - 3*l - 20, 4*z + 2*l - 74 = 0. Suppose 4*u - 42 = -22. Calculate the remainder when z is divided by u.
2
Suppose -3*g = -d - 2*g + 2, -4*d + 3*g = -11. Suppose 0 = -d*f - 66 + 236. Calculate the remainder when f is divided by 19.
15
What is the remainder when 85 is divided by 41 + 1 - 1 - -4?
40
Suppose -903 = -12*q + 5*q. What is the remainder when q is divided by 12?
9
Suppose 2*x = -0 + 2. What is the remainder when 24 is divided by (-25 - x)*(-3)/6?
11
Suppose g = -4*g + 1690. Suppose 0 = -5*i - 103 + g. What is the remainder when i is divided by 16?
15
Let s(f) = 2*f**2 + 1. Calculate the remainder when 24 is divided by s(2).
6
Let d = -60 - -74. Suppose -37 + 157 = 3*c. Calculate the remainder when c is divided by d.
12
Suppose 5*h = 569 - 19. Let i = h - 57. What is the remainder when i is divided by 18?
17
Suppose 32 - 2 = -5*x. Let z = 1 - x. Let o = -2 + z. What is the remainder when 19 is divided by o?
4
Suppose -3*a = 5*q - 40 - 34, -5*a = -15. Suppose -38 = -z + n - 2, -4*z + 150 = -n. Calculate the remainder when z is divided by q.
12
What is the remainder when 78 is divided by ((-24)/(-40))/(1/45)?
24
Suppose -15*v = -16*v + 107. Calculate the remainder when v is divided by 22.
19
Let m = 1 + -1. Suppose m = -2*c - 2*c + 60. What is the remainder when 44 is divided by c?
14
Let r = 12 - 10. What is the remainder when 2 is divided by r?
0
Let o(p) = -p + 48. Let n = 68 - 51. What is the remainder when o(0) is divided by n?
14
Let r(x) be the third derivative of x**5/15 + x**4/24 + x**3/6 + 2*x**2. Calculate the remainder when (5/10)/(2/148) is divided by r(2).
18
Suppose 9*g - 303 = -96. What is the remainder when g is divided by 5?
3
Let j(f) = 3*f**2 + 4*f + 9. What is the remainder when 43 is divided by j(-3)?
19
Let x(f) = 7*f**2 - 2*f - 9. Let v be x(4). Suppose -3*l + 0*l - 45 = -2*g, -v = -4*g + l. Let p = -22 + 35. What is the remainder when g is divided by p?
11
Suppose 0 = -x + 3*a + 5, 4*a - 15 = -x + 4. Calculate the remainder when x is divided by 7.
4
Suppose -4*s - b = -3*b - 348, -4*s - b + 348 = 0. Calculate the remainder when s is divided by 45.
42
Let w = -8 + 30. Suppose 19 = 3*d + i, -d = i - 3*i - 18. Calculate the remainder when w is divided by d.
6
Suppose 3*z + 112 = 4*p, z + 4*z - 140 = -5*p. Calculate the remainder when p is divided by 10.
8
Suppose 1 = -3*a + 19. Let k(f) be the first derivative of f**2 + 4*f + 2. What is the remainder when k(6) is divided by a?
4
Let h = -108 - -155. Calculate the remainder when h is divided by 12.
11
Let t = 5 - 5. Suppose -a + 0 + 6 = t. Let c(z) = -z**3 + 5*z**2 + 4*z - 4. Calculate the remainder when c(5) is divided by a.
4
Let i = 11 - 8. Suppose i - 20 = -p. What is the remainder when 50 is divided by p?
16
Suppose -u = 2*n + 16, -3*n + n + 4*u = -4. Calculate the remainder when -18*(22/n + 3) is divided by (-14)/(-8)*2*2.
5
Let x = 2 + 6. Let b = x - -14. What is the remainder when b is divided by 12?
10
What is the remainder when 78 is divided by ((-40)/(-50))/((-1)/(-25))?
18
Suppose o + 3 = 5. Let c(l) = 13*l. Let a(d) = d**3 - 9*d**2 + d. Calculate the remainder when c(o) is divided by a(9).
8
Suppose 0*h = 5*h - 170. Let u = h - -28. Let c = 42 + -26. What is the remainder when u is divided by c?
14
Let d(o) = 2*o**2 - 10*o - 2. Calculate the remainder when 29 is divided by d(6).
9
Let g = -32 - -38. What is the remainder when g is divided by 6?
0
Let x = -15 - -29. What is the remainder when 22 is divided by x?
8
Let j(r) = 47*r**2 - r. Let a be j(1). Let d = 92 - a. Let z = 78 - d. Calculate the remainder when z is divided by 11.
10
Calculate the remainder when -2 - -5 - (-4 + -31) is divided by 17.
4
Let n = 245 + -220. Let d = 116 - 17. Calculate the remainder when d is divided by n.
24
Suppose 2*f - 51 = f - 2*k, -4*f + 2*k = -194. Let j = f - 12. Suppose d - 33 = -5*x, 2*x = -4*d + 3*x + 48. What is the remainder when j is divided by d?
11
What is the remainder when (-36190)/(-198) + 2/9 is divided by 31?
28
Suppose -6*r + 7*r = 30. What is the remainder when 58 is divided by r?
28
Let j(g) = -g**2 + 9*g - 9. Let p be j(7). Suppose 16 = 2*m + p*u, -3*u + u = -4. What is the remainder when 7 is divided by m?
1
Let s be (0 + -2)/1 + 3. Suppose d = s + 4. Calculate the remainder when 12 is divided by d.
2
Suppose 0 = x + 5*h - 1, -2*x + 0*h + 47 = h. What is the remainder when 74 is divided by x?
22
Calculate the remainder when 67 is divided by (-20)/(-14)*(2 + 5).
7
Let t(k) = k**3 - 8*k**2 - 9*k + 1. Let v be t(9). Suppose 5*b + v = 11